z) = -6 + 6 - 7*z**2 - 3*z + 2*z. Calculate t(1).
-8
Let r(m) = 3*m - 1. Let p(v) = -v**2 - 1. Let i(j) = -2*p(j) - r(j). What is i(2)?
5
Let c(q) = -q**3 - 19*q**2 - 17*q + 14. Let r be c(-18). Let o(k) be the first derivative of k**3/3 + 3*k**2/2 - 4*k - 1. Determine o(r).
0
Let l(u) = -u**3 - 4*u**2 - 2*u - 1. Let v(o) = -o**2 - 4*o - 3. Let i be v(-2). Let j(b) = 4*b**2 - 2*b + 1. Let t be j(i). Suppose -t*a = -5*a - 4. Give l(a).
-5
Let w(x) = 17*x**2 - 2*x - 12*x**2 - 2 + 0 + 0. Let k be 5/(0 + (2 - 3)). Let i(h) = 6*h**2 - h - 2. Let l(p) = k*w(p) + 4*i(p). Calculate l(3).
11
Suppose -2 = 2*f - 4*f. Let h be (-44)/(-12) + f/3. Suppose -3*v + 0*k = 3*k, 0 = 3*v - h*k + 35. Let i(p) = -p**3 - 5*p**2 + 2*p + 6. Calculate i(v).
-4
Let u be (-1)/(-2) - 7/(-14). Let d(q) = -7*q**3 - q**2 + 2*q - 1. What is d(u)?
-7
Let w = 153 - 166. Let f(t) = -t**2 - 12*t + 15. Give f(w).
2
Let g(o) = o**2 - o - 11. Suppose 3*b = 5*b. Give g(b).
-11
Suppose 6 = -5*y - 9. Let o be y - ((-3 - -6) + -3). Let t(r) = 0*r + r + 5 - 6. Calculate t(o).
-4
Let f(i) be the third derivative of 1/60*i**5 + 1/8*i**4 + 0 + 1/2*i**3 + 0*i + 2*i**2. Determine f(-2).
1
Let c(d) = -3*d**3 - 4*d**2 - 4*d - 3. Let o be ((-15)/3)/(1 + -2). Suppose 0 = -4*u - o - 3. Give c(u).
13
Let a(c) = -c - 1. Let u(z) = -z - 1. Let l(d) = -5*a(d) + 4*u(d). Suppose 4*x - 2*x = -2*j, j = -5*x. Give l(j).
1
Let z(k) = -2 - 6*k + k**2 + 4 - 2. Calculate z(5).
-5
Let k(q) be the first derivative of -q**2 - 6*q + 22. What is k(-5)?
4
Let r(a) = -a**2 + 5*a - 4. Let s(j) = -j**3 - 16*j**2 - j - 16. Let p be s(-16). Suppose -2*m + 6*m - 20 = p. Give r(m).
-4
Suppose -3*y - 4 = 4*a, 4*a + 8 = 6*a - y. Let u(c) be the second derivative of 0*c**4 + 4*c + 7/20*c**5 - 1/6*c**3 + 0*c**a + 0. Determine u(-1).
-6
Let s be (-2)/(-4)*(2 - 1)*-12. Let n(i) = i**3 + 6*i**2 - i + 4. What is n(s)?
10
Let r be 1 + (-1 - (0 - 5)). Suppose 2*h - 25 = -5*u, -3*u + 5 = 2*u - 2*h. Let a(k) = 0*k**u - 6 + k**3 + 0*k - 4*k - 4*k**2. Give a(r).
-1
Let u(n) be the second derivative of -n**5/20 + n**4/4 - n**3/2 + 4*n. What is u(2)?
-2
Let n(h) be the first derivative of 2 - 2/3*h**3 + 2*h - 1/2*h**2. Give n(-2).
-4
Suppose -4*y + 5 = 5*k + 37, 5*k + 26 = -2*y. Suppose -4*x - f + 24 = 0, -x + 6 = -3*f - 2*f. Let p(d) = -d**2 - 3 + 0*d**2 + 0*d**2 - x*d + d. Give p(k).
1
Suppose 15 = -3*r + 6*r. Let g(q) = -q - r - 2*q + 4*q. Let b be 3 - 1/(3/(-6)). Calculate g(b).
0
Let k(w) = 5*w - 3 + 3. Suppose -3*d = -d - 2. What is k(d)?
5
Let y(h) be the second derivative of -h**5/20 + h**4/2 + 5*h**3/6 - 5*h**2 - 44*h. Calculate y(7).
-24
Let k(u) = -u + 3. Suppose -17 = -4*b + 7. Determine k(b).
-3
Let j(f) = 0 - 2 + 4*f**2 - 5*f**2 + f + 0. Let n = 0 - 0. What is j(n)?
-2
Suppose -3*p + 6 + 6 = 0. Let t(h) be the first derivative of -5/3*h**3 + 1/4*h**p + 2*h**2 + 2*h + 1. Calculate t(4).
2
Let g(u) = -7*u**2 - 2*u - 2. Let a(q) = 266*q**2 + 77*q + 77. Let t(f) = -2*a(f) - 77*g(f). Calculate t(-1).
7
Let v(r) = -1 + 0*r - 2*r**2 + 4*r - 2*r. Let w be v(2). Let p(y) = 5 - y**2 + 0*y**2 - 11 - 6*y. Determine p(w).
-1
Let b(o) = -8*o**2 - 2*o - 7. Let q(i) = 9*i**2 + i + 6. Let u(f) = -10*f**2 - f - 6. Let w(x) = -3*q(x) - 2*u(x). Let h(r) = 6*b(r) - 7*w(r). What is h(3)?
-6
Let p(i) = -16*i**3 - i**2 + 16*i + 6. Let r(c) = 3*c**3 - 3*c - 1. Let q(v) = -2*p(v) - 11*r(v). Calculate q(-2).
13
Suppose 5*a = 3*p + 3, -5*p + 11 = a - 12. Let c = a - -1. Suppose -3*j + 0*j + 24 = -3*o, -o = 2*j - c. Let h(m) = m**3 - 5*m**2 + 5*m - 1. Calculate h(j).
3
Let h(x) = 14*x**3 + 3*x**2 - 3*x + 11. Let q(p) = 5*p**3 + p**2 - p + 4. Let b(v) = 3*h(v) - 8*q(v). Let o be (-3)/12*2*4. Give b(o).
-9
Let d(x) = -13*x - 1. Let j be d(-2). Suppose -q = 4*q + j. Let k(y) = -y - 4. Let p(u) = -u - 4. Let c(r) = -6*k(r) + 5*p(r). Determine c(q).
-1
Let t(y) be the first derivative of -y**5/40 - y**4/8 + y**3/3 + 1. Let p(d) be the third derivative of t(d). Calculate p(-3).
6
Let c(f) = -14*f**3 - 20*f**2 + 2*f - 1. Let g(i) = 5*i**3 + 7*i**2 - i. Let v(h) = -4*c(h) - 11*g(h). Give v(-3).
-5
Let a(j) = -j**2 + 5*j + 3. Suppose 4*r = 6*r - 12. Determine a(r).
-3
Let y(i) = 25 - 15 + i**2 + i**3 - 21. Calculate y(0).
-11
Let j(k) be the second derivative of -k**4/12 + 2*k**3/3 - k**2 - 3*k. Give j(6).
-14
Suppose b = -0 + 2. Let s be -1 - (2/1 - b). Let i(z) = 4*z**3 - z**2 - z. What is i(s)?
-4
Let h(l) be the first derivative of l**4/12 - 2*l**3/3 - l**2 - 2*l - 3. Let k(j) be the first derivative of h(j). Let i = -1 + 5. Determine k(i).
-2
Let z be 3/((3/4)/1). Let g(k) = -k**2 + 5*k - 2. Let c be g(z). Let v(s) = 0 + s + 3*s**2 - 1 - s**3 + 2*s**c. Give v(5).
4
Let t be (18/15 - 2)*-10. Suppose 2*s + t = -0*s. Let u be 1 + 2 + s/2. Let a(n) = -5*n**2 + 1. Give a(u).
-4
Let h(o) = -3*o**2 + 3*o + 5. Let w(k) = -2*k**2 + 4*k + 5. Let i(a) = 3*h(a) - 4*w(a). Suppose 1 + 4 = 5*l. Suppose l = -d - 3. Give i(d).
7
Let l(y) be the second derivative of 0 + 1/2*y**2 + 1/6*y**4 - 1/6*y**3 - 3*y. Suppose 0 = 2*h - h - 2. Calculate l(h).
7
Let k(q) = q - 3. Let t(a) = 3*a - 5. Let p(o) = 5*k(o) - 2*t(o). Suppose 22 - 16 = -s. What is p(s)?
1
Let x(f) be the second derivative of -1/12*f**4 + 1/6*f**3 + 0 + 4*f - 5/2*f**2. Calculate x(0).
-5
Let k(m) = m**2 + 6*m - 2. Suppose -t - 7 = -20. Suppose g = 2*g + 3. Let u be t/g - 12/18. Determine k(u).
-7
Let x(l) = -13*l. Let i(v) = -14*v. Let k(g) = -4*i(g) + 5*x(g). Give k(1).
-9
Suppose -j - 9 = -3*k - 0*j, 3*k = 5*j - 3. Let m(g) = g - 7 - k*g + 2*g. Give m(5).
-12
Let m(c) be the first derivative of c**4/4 - 8*c**3/3 + 9*c**2/2 - 3*c + 25. Determine m(7).
11
Let v(i) = -i - 6. Let w(b) = b**2 + 8*b + 10. Let n be w(-4). Give v(n).
0
Let z(p) be the second derivative of p**4/12 + p**3/6 - 3*p**2/2 - 13*p. Determine z(3).
9
Suppose -12*a = -7*a + 15. Let v(w) = 1. Let n(m) = -m**2 + m - 1. Let z(d) = n(d) + v(d). Determine z(a).
-12
Let o = -8 + 13. Suppose 25 + 0 = o*k. Let p(t) = -t**3 + t**2 - t. Let b(f) = 2*f**3 - 5*f**2 - 4*f - 1. Let l(r) = b(r) + p(r). Calculate l(k).
-1
Let f(t) be the second derivative of -t**4/12 - t**3/3 - t**2/2 + 14*t. Give f(-2).
-1
Let j(b) = -15*b - 4 + 3*b + 9*b + 8*b. Give j(4).
16
Let c(s) = -19*s**3 - 2*s**2 - 4*s + 3. Let w(y) = -20*y**3 - 3*y**2 - 5*y + 4. Let l(a) = 5*c(a) - 4*w(a). Give l(1).
-14
Let r(k) = k**3 - 7*k**2 + 4*k + 6. Suppose -2*q - 22 = -7*q - 2*c, -3*q - 2*c + 10 = 0. Calculate r(q).
-6
Let m(n) be the third derivative of -n**5/60 - 7*n**4/24 - n**3/2 - 4*n**2. What is m(-5)?
7
Suppose -2*g - 2*y + 4 = 0, g - y = -3*g + 28. Let v(b) = -b**3 + 5*b**2 + 6*b - 1. Determine v(g).
-1
Suppose 30 = 232*m - 238*m. Suppose 3*f = -3*r + 9, 4*f = 2*r + 3*r + 3. Let n(c) = 1 + 0*c - f*c - 5. Determine n(m).
6
Let p(i) = 2*i - 2. Let u be 1 + (-3)/(-3) + 0. Let q = u + 1. What is p(q)?
4
Let o(a) be the third derivative of a**4/24 + 2*a**3/3 - 6*a**2. Calculate o(4).
8
Let a be (-2)/(-5) + (-39)/(-15). Let l(y) be the third derivative of -y**4/12 - 19*y**2. Calculate l(a).
-6
Let r(s) = s - 4. Suppose 4*y - 14 = -2. Suppose -2*g + 12 = -y*j, -2*g - 4*j - 12 = -j. Suppose 0 = -2*d + 3*p + 4, -3*d + 2*p = -g + 4. What is r(d)?
-8
Let u(d) be the first derivative of d**6/120 - d**5/60 - d**4/24 - d**3/2 + 3*d**2/2 - 3. Let q(r) be the second derivative of u(r). What is q(0)?
-3
Let x(c) = c**3 - c**2 + c + 3. Suppose 3*v - 6 = -4*j, -4*v = -12 + 4. Give x(j).
3
Let z(u) = 5*u - 16. Let b(p) = -p + 4. Let y(l) = -9*b(l) - 2*z(l). Give y(-5).
1
Let a(g) = -g + 11. Let p be a(9). Let k(l) be the first derivative of -1/3*l**3 - 1 + p*l**2 - 2*l. Give k(3).
1
Let y(t) = -10*t**2 - 28*t + 13. Let u(w) = -7*w**2 - 19*w + 9. Let h(g) = 7*u(g) - 5*y(g). What is h(-6)?
-8
Suppose 25 = 5*h - 5. Let j(n) = n**3 - 6*n**2 + 2*n - 3. Give j(h).
9
Let c = -431 + 436. Let l(y) = -3*y**2 - y - 7. Let w(r) = -7*r**2 - r - 15. Let h(b) = 9*l(b) - 4*w(b). Calculate h(c).
-3
Let i(m) = -9*m**3 - 15*m**2 - 8. Suppose 0 = -2*s - 2*x + 10, 3*s - 5*x = 3 + 28. Let j(t) = 5*t**3 + 8*t**2 + 4. Let g(r) = s*j(r) + 4*i(r). What is g(-4)?
-4
Let r(q) = q**3 - 3*q**2 - q + 2. Let g be r(3). Let i = 5 + -3. Let z(f) = 0 - 3*f + 4*f + 1 + 3*f**2 + f**i. Determine z(g).
4
Let j(p) be the third derivative of